{"id":391,"date":"2019-04-05T18:19:57","date_gmt":"2019-04-05T16:19:57","guid":{"rendered":"http:\/\/zspolczyn.ovh\/?page_id=391"},"modified":"2026-03-20T11:07:56","modified_gmt":"2026-03-20T10:07:56","slug":"regulaminy-podania-harmonogram","status":"publish","type":"page","link":"https:\/\/zspolczyn.edu.pl\/?page_id=391","title":{"rendered":"Regulaminy, podania, harmonogram, informacje"},"content":{"rendered":"\n<div class=\"wp-block-file\"><a id=\"wp-block-file--media-9d271b2f-0399-4508-8bef-31cc4d571318\" href=\"https:\/\/zspolczyn.edu.pl\/wp-content\/uploads\/2026\/03\/regulamin-rekrytacji-2026-2027.pdf\">Regulamin rekrutacji 2026-2027<\/a><a href=\"https:\/\/zspolczyn.edu.pl\/wp-content\/uploads\/2026\/03\/regulamin-rekrytacji-2026-2027.pdf\" class=\"wp-block-file__button wp-element-button\" download aria-describedby=\"wp-block-file--media-9d271b2f-0399-4508-8bef-31cc4d571318\">Pobierz<\/a><\/div>\n\n\n\n<div class=\"wp-block-file\"><a id=\"wp-block-file--media-d33ad6ef-f311-40a3-a525-fae712ea6c56\" href=\"https:\/\/zspolczyn.edu.pl\/wp-content\/uploads\/2026\/03\/harmonogram-rekrutacji-2026-2027.pdf\">Harmonogram rekrutacji 2026-2027<\/a><a href=\"https:\/\/zspolczyn.edu.pl\/wp-content\/uploads\/2026\/03\/harmonogram-rekrutacji-2026-2027.pdf\" class=\"wp-block-file__button wp-element-button\" download aria-describedby=\"wp-block-file--media-d33ad6ef-f311-40a3-a525-fae712ea6c56\">Pobierz<\/a><\/div>\n\n\n\n<div class=\"wp-block-file\"><a id=\"wp-block-file--media-33338c9c-bb90-4a9d-b680-4a5cec6ccfaf\" href=\"https:\/\/zspolczyn.edu.pl\/wp-content\/uploads\/2026\/03\/PODANIE-ZS-2026-2027.pdf\">PODANIE-ZS-2026-2027<\/a><a href=\"https:\/\/zspolczyn.edu.pl\/wp-content\/uploads\/2026\/03\/PODANIE-ZS-2026-2027.pdf\" class=\"wp-block-file__button wp-element-button\" download aria-describedby=\"wp-block-file--media-33338c9c-bb90-4a9d-b680-4a5cec6ccfaf\">Pobierz<\/a><\/div>\n\n\n\n<p><strong><a href=\"https:\/\/forms.office.com\/Pages\/ResponsePage.aspx?id=vdWNnDiSPUyUATOSpQZ2OY0-FBc4eP5DkrQ3cXuuac9UQ0FLTVY2VTM5SFRBR0lPTDVZODQ4NzZGSi4u\" target=\"_blank\" rel=\"noreferrer noopener\"><mark style=\"background-color:rgba(0, 0, 0, 0);color:#0d7baa\" class=\"has-inline-color\">Podanie online<\/mark><\/a><\/strong> 2026\/2027<\/p>\n\n\n\n<div class=\"wp-block-file\"><a id=\"wp-block-file--media-adaf7e77-0376-40bb-837c-d8104aadedf9\" href=\"http:\/\/zspolczyn.edu.pl\/wp-content\/uploads\/2020\/05\/PODANIE-ZS-2020-2021-ZLO.pdf\"><strong>Podanie do Zaocznego Liceum Og\u00f3lnokszta\u0142c\u0105cego dla Doros\u0142ych<\/strong><\/a><a href=\"http:\/\/zspolczyn.edu.pl\/wp-content\/uploads\/2020\/05\/PODANIE-ZS-2020-2021-ZLO.pdf\" class=\"wp-block-file__button wp-element-button\" download aria-describedby=\"wp-block-file--media-adaf7e77-0376-40bb-837c-d8104aadedf9\">Pobierz<\/a><\/div>\n\n\n\n<div class=\"wp-block-file\"><a id=\"wp-block-file--media-84f3f1a3-6610-4a5a-97d7-875b8f2971a9\" href=\"http:\/\/zspolczyn.edu.pl\/wp-content\/uploads\/2022\/04\/Zgody-wg-RODO.pdf\">Zgody-wg-RODO<\/a><a href=\"http:\/\/zspolczyn.edu.pl\/wp-content\/uploads\/2022\/04\/Zgody-wg-RODO.pdf\" class=\"wp-block-file__button wp-element-button\" download aria-describedby=\"wp-block-file--media-84f3f1a3-6610-4a5a-97d7-875b8f2971a9\">Pobierz<\/a><\/div>\n\n\n\n<div class=\"wp-block-file\"><a id=\"wp-block-file--media-b62298a3-715c-41df-9017-9744b8abe1a6\" href=\"http:\/\/zspolczyn.edu.pl\/wp-content\/uploads\/2022\/05\/Klauzula_informacyjna_.pdf\">Klauzula  informacyjna<\/a><a href=\"http:\/\/zspolczyn.edu.pl\/wp-content\/uploads\/2022\/05\/Klauzula_informacyjna_.pdf\" class=\"wp-block-file__button wp-element-button\" download aria-describedby=\"wp-block-file--media-b62298a3-715c-41df-9017-9744b8abe1a6\">Pobierz<\/a><\/div>\n\n\n<\/p>\n<h6>&nbsp;<\/h6>\n<h5 style=\"text-align: center;\"><span style=\"color: #ff0000;\"><strong>Kandydacie !<\/strong><\/span><\/h5>\n<h5 style=\"text-align: center;\"><span style=\"color: #ff0000;\"><strong>Podanie o przyj\u0119cie do szko\u0142y mo\u017cesz z\u0142o\u017cy\u0107 na kilka sposob\u00f3w:<\/strong><\/span><\/h5>\n<ol>\n<li><strong>Podanie pobierz (format Word) wype\u0142nij i wy\u015blij poczt\u0105 elektroniczn\u0105, jako plik na adres: <\/strong><a href=\"mailto:rekrutacja@zspolczyn.edu.pl\">rekrutacja@zspolczyn.edu.pl<\/a><\/li>\n<li><strong>Podanie wydrukuj, wype\u0142nij i podpisz, a nast\u0119pnie zeskanuj i wy\u015blij poczt\u0105 elektroniczn\u0105, jako plik na adres:&nbsp; <\/strong><a style=\"color: #3366ff;\" href=\"mailto:rekrutacja@zspolczyn.edu.pl\">rekrutacja@zspolczyn.edu.pl<\/a><\/li>\n<li><strong>Podanie wydrukuj, wype\u0142nij i wy\u015blij tradycyjn\u0105 poczt\u0105 na adres szko\u0142y: Zesp\u00f3\u0142 Szk\u00f3\u0142, ul. St. Staszica 6,&nbsp; 78-320 Po\u0142czyn-Zdr\u00f3j.<\/strong><\/li>\n<li><strong>Podanie z\u0142\u00f3\u017c online. Wejd\u017a w link do strony, na kt\u00f3rej wype\u0142nisz formularz. Zostanie on automatycznie wys\u0142any do szko\u0142y &#8211;&nbsp;<a style=\"color: #3366ff;\" href=\"https:\/\/forms.office.com\/Pages\/ResponsePage.aspx?id=vdWNnDiSPUyUATOSpQZ2OY0-FBc4eP5DkrQ3cXuuac9UQ0FLTVY2VTM5SFRBR0lPTDVZODQ4NzZGSi4u\"> Podanie online<\/a><br \/><\/strong><\/li>\n<li><strong>Podanie wydrukuj, wype\u0142nij, podpisz i z\u0142\u00f3\u017c osobi\u015bcie w kancelarii szko\u0142y po wcze\u015bniejszym uzgodnieniu telefonicznym. Podczas wizyty w szkole prosimy o zachowanie&nbsp; \u015brodk\u00f3w bezpiecze\u0144stwa.<\/strong><\/li>\n<\/ol>\n<p><strong>Za\u0142\u0105czniki wymagane do podania, kt\u00f3rych nie mo\u017cna do\u0142\u0105czy\u0107, dostarczane do szko\u0142y b\u0119d\u0105&nbsp; w p\u00f3\u017aniejszym terminie.<\/strong><\/p>\n<h5 style=\"text-align: center;\"><span style=\"color: #ff0000;\">Zapraszamy do kontaktu telefonicznego<\/span><\/h5>\n<h5 style=\"text-align: center;\"><span style=\"color: #ff0000;\">codziennie od poniedzia\u0142ku do pi\u0105tku w godz. 8.00 \u2013 14.00<\/span><\/h5>\n<h5 style=\"text-align: center;\"><span style=\"color: #ff0000;\">&nbsp;pod numerem telefonu 94 36 62&nbsp;083<\/span><\/h5>\n<\/p>\n\n\n<p class=\"has-text-align-center\"><mark style=\"background-color:rgba(0, 0, 0, 0);color:#e91017\" class=\"has-inline-color\">&nbsp;<strong>UWAGA!<\/strong><\/mark><\/p>\n\n\n\n<p class=\"has-text-align-center\"><strong>Uczniowie przyj\u0119ci do klasy<\/strong> <strong>Technikum \u017bywienia i Us\u0142ug Gastronomicznych&nbsp;i Technikum Hotelarstwa<br>zobowi\u0105zani b\u0119d\u0105 do posiadania bada\u0144 <span style=\"color:#e40b28\" class=\"has-inline-color\">sanitarno-epidemiologicznych.<\/span><\/strong><\/p>\n\n\n\n<p><strong>Badania obejmuj\u0105:<\/strong><\/p>\n\n\n\n<ol class=\"wp-block-list\">\n<li><strong>Badanie wymazowe w Sanepidzie<\/strong> <strong>w Szczecinku<\/strong> (uzgodnienie terminu badania i szczeg\u00f3\u0142owe informacje mo\u017cna uzyska\u0107 telefonicznie w Powiatowej Stacji Sanitarno-Epidemiologicznej w Szczecinku, pod numerem telefonu tel. 94 36 58 225)<\/li>\n<\/ol>\n\n\n\n<p>   W zwi\u0105zku z tym w aptece nale\u017cy kupi\u0107:<\/p>\n\n\n\n<ul class=\"wp-block-list\">\n<li>wymaz\u00f3wk\u0119 z pod\u0142o\u017cem transportowym &#8211; 3 sztuki<\/li>\n<\/ul>\n\n\n\n<p>2. <strong>Badanie u lekarza rodzinnego <\/strong>(z wynikiem wymazu z sanepidu)<\/p>\n\n\n\n<p>Badania dla uczni\u00f3w s\u0105 obowi\u0105zkowe i bezp\u0142atne. Nale\u017cy w sekretariacie szko\u0142y odebra\u0107 imienne skierowanie do Sanepidu i do lekarza rodzinnego.<\/p>\n\n\n\n<p><mark style=\"background-color:rgba(0, 0, 0, 0);color:#f01e0b\" class=\"has-inline-color\">Orzeczenie lekarskie z badania do cel\u00f3w sanitarno-epidemiologicznych od lekarza rodzinnego nale\u017cy dostarczy\u0107 do sekretariatu szko\u0142y do 30.09.2026 r<\/mark>.<\/p>\n\n\n\n<p><\/p>\n","protected":false},"excerpt":{"rendered":"","protected":false},"author":1,"featured_media":0,"parent":24,"menu_order":0,"comment_status":"closed","ping_status":"closed","template":"","meta":{"footnotes":""},"class_list":["post-391","page","type-page","status-publish","hentry"],"_links":{"self":[{"href":"https:\/\/zspolczyn.edu.pl\/index.php?rest_route=\/wp\/v2\/pages\/391","targetHints":{"allow":["GET"]}}],"collection":[{"href":"https:\/\/zspolczyn.edu.pl\/index.php?rest_route=\/wp\/v2\/pages"}],"about":[{"href":"https:\/\/zspolczyn.edu.pl\/index.php?rest_route=\/wp\/v2\/types\/page"}],"author":[{"embeddable":true,"href":"https:\/\/zspolczyn.edu.pl\/index.php?rest_route=\/wp\/v2\/users\/1"}],"replies":[{"embeddable":true,"href":"https:\/\/zspolczyn.edu.pl\/index.php?rest_route=%2Fwp%2Fv2%2Fcomments&post=391"}],"version-history":[{"count":109,"href":"https:\/\/zspolczyn.edu.pl\/index.php?rest_route=\/wp\/v2\/pages\/391\/revisions"}],"predecessor-version":[{"id":9883,"href":"https:\/\/zspolczyn.edu.pl\/index.php?rest_route=\/wp\/v2\/pages\/391\/revisions\/9883"}],"up":[{"embeddable":true,"href":"https:\/\/zspolczyn.edu.pl\/index.php?rest_route=\/wp\/v2\/pages\/24"}],"wp:attachment":[{"href":"https:\/\/zspolczyn.edu.pl\/index.php?rest_route=%2Fwp%2Fv2%2Fmedia&parent=391"}],"curies":[{"name":"wp","href":"https:\/\/api.w.org\/{rel}","templated":true}]}}