{"id":428,"date":"2019-04-06T08:22:02","date_gmt":"2019-04-06T06:22:02","guid":{"rendered":"http:\/\/zspolczyn.ovh\/?page_id=428"},"modified":"2026-01-08T14:59:39","modified_gmt":"2026-01-08T13:59:39","slug":"kursy-zawodowe","status":"publish","type":"page","link":"https:\/\/zspolczyn.edu.pl\/?page_id=428","title":{"rendered":"Kursy zawodowe"},"content":{"rendered":"\n<div data-wp-interactive=\"core\/file\" class=\"wp-block-file\"><object data-wp-bind--hidden=\"!state.hasPdfPreview\" hidden class=\"wp-block-file__embed\" data=\"https:\/\/zspolczyn.edu.pl\/wp-content\/uploads\/2026\/01\/kursy-zawodowe-klasa-1-1.pdf\" type=\"application\/pdf\" style=\"width:100%;height:770px\" aria-label=\"Osadzone z kursy zawodowe klasa 1.\"><\/object><a id=\"wp-block-file--media-8f183a68-43d9-446f-a61c-5d1980796a58\" href=\"https:\/\/zspolczyn.edu.pl\/wp-content\/uploads\/2026\/01\/kursy-zawodowe-klasa-1-1.pdf\">kursy zawodowe klasa 1<\/a><a href=\"https:\/\/zspolczyn.edu.pl\/wp-content\/uploads\/2026\/01\/kursy-zawodowe-klasa-1-1.pdf\" class=\"wp-block-file__button wp-element-button\" download aria-describedby=\"wp-block-file--media-8f183a68-43d9-446f-a61c-5d1980796a58\">Pobierz<\/a><\/div>\n\n\n\n<p><\/p>\n\n\n\n<p><\/p>\n\n\n\n<figure class=\"wp-block-image size-large is-resized\"><img fetchpriority=\"high\" decoding=\"async\" width=\"724\" height=\"1024\" src=\"http:\/\/zspolczyn.edu.pl\/wp-content\/uploads\/2025\/08\/SKM_C250i25082511010_page-0001-724x1024.jpg\" alt=\"\" class=\"wp-image-9074\" style=\"aspect-ratio:0.7070382707469626;width:824px;height:auto\" srcset=\"https:\/\/zspolczyn.edu.pl\/wp-content\/uploads\/2025\/08\/SKM_C250i25082511010_page-0001-724x1024.jpg 724w, https:\/\/zspolczyn.edu.pl\/wp-content\/uploads\/2025\/08\/SKM_C250i25082511010_page-0001-212x300.jpg 212w, https:\/\/zspolczyn.edu.pl\/wp-content\/uploads\/2025\/08\/SKM_C250i25082511010_page-0001-768x1086.jpg 768w, https:\/\/zspolczyn.edu.pl\/wp-content\/uploads\/2025\/08\/SKM_C250i25082511010_page-0001-1086x1536.jpg 1086w, https:\/\/zspolczyn.edu.pl\/wp-content\/uploads\/2025\/08\/SKM_C250i25082511010_page-0001-247x350.jpg 247w, https:\/\/zspolczyn.edu.pl\/wp-content\/uploads\/2025\/08\/SKM_C250i25082511010_page-0001.jpg 1240w\" sizes=\"(max-width: 724px) 100vw, 724px\" \/><\/figure>\n\n\n\n<p><\/p>\n\n\n\n<figure class=\"wp-block-image size-large\"><img decoding=\"async\" width=\"724\" height=\"1024\" data-src=\"http:\/\/zspolczyn.edu.pl\/wp-content\/uploads\/2025\/08\/SKM_C250i25082511010_page-0002-724x1024.jpg\" alt=\"\" class=\"wp-image-9075 lazyload\" data-srcset=\"https:\/\/zspolczyn.edu.pl\/wp-content\/uploads\/2025\/08\/SKM_C250i25082511010_page-0002-724x1024.jpg 724w, https:\/\/zspolczyn.edu.pl\/wp-content\/uploads\/2025\/08\/SKM_C250i25082511010_page-0002-212x300.jpg 212w, https:\/\/zspolczyn.edu.pl\/wp-content\/uploads\/2025\/08\/SKM_C250i25082511010_page-0002-768x1086.jpg 768w, https:\/\/zspolczyn.edu.pl\/wp-content\/uploads\/2025\/08\/SKM_C250i25082511010_page-0002-1086x1536.jpg 1086w, https:\/\/zspolczyn.edu.pl\/wp-content\/uploads\/2025\/08\/SKM_C250i25082511010_page-0002-247x350.jpg 247w, https:\/\/zspolczyn.edu.pl\/wp-content\/uploads\/2025\/08\/SKM_C250i25082511010_page-0002.jpg 1240w\" data-sizes=\"(max-width: 724px) 100vw, 724px\" src=\"data:image\/svg+xml;base64,PHN2ZyB3aWR0aD0iMSIgaGVpZ2h0PSIxIiB4bWxucz0iaHR0cDovL3d3dy53My5vcmcvMjAwMC9zdmciPjwvc3ZnPg==\" style=\"--smush-placeholder-width: 724px; --smush-placeholder-aspect-ratio: 724\/1024;\" \/><\/figure>\n\n\n\n<p><\/p>\n\n\n\n<div class=\"wp-block-file\"><a id=\"wp-block-file--media-64571957-0142-4bf1-b414-3937420e26e3\" href=\"http:\/\/zspolczyn.edu.pl\/wp-content\/uploads\/2022\/01\/Mechanik-pojazdow-samochowowych.docx\">Mechanik-pojazdow-samochowowych<\/a><a href=\"http:\/\/zspolczyn.edu.pl\/wp-content\/uploads\/2022\/01\/Mechanik-pojazdow-samochowowych.docx\" class=\"wp-block-file__button wp-element-button\" download aria-describedby=\"wp-block-file--media-64571957-0142-4bf1-b414-3937420e26e3\">Pobierz<\/a><\/div>\n\n\n\n<div class=\"wp-block-file\"><a id=\"wp-block-file--media-4b5eafc8-a662-420c-8ff4-16c10c25b680\" href=\"http:\/\/zspolczyn.edu.pl\/wp-content\/uploads\/2022\/01\/Mechanik-pojazdow-samochodowych.pdf\">Mechanik-pojazdow-samochodowych<\/a><a href=\"http:\/\/zspolczyn.edu.pl\/wp-content\/uploads\/2022\/01\/Mechanik-pojazdow-samochodowych.pdf\" class=\"wp-block-file__button wp-element-button\" download aria-describedby=\"wp-block-file--media-4b5eafc8-a662-420c-8ff4-16c10c25b680\">Pobierz<\/a><\/div>\n\n\n\n<div class=\"wp-block-file\"><a id=\"wp-block-file--media-fe650a7f-8803-4e28-8cf8-0520dae2ec40\" href=\"http:\/\/zspolczyn.edu.pl\/wp-content\/uploads\/2022\/01\/Mechanik-motocyklowy.pdf\">Mechanik-motocyklowy<\/a><a href=\"http:\/\/zspolczyn.edu.pl\/wp-content\/uploads\/2022\/01\/Mechanik-motocyklowy.pdf\" class=\"wp-block-file__button wp-element-button\" download aria-describedby=\"wp-block-file--media-fe650a7f-8803-4e28-8cf8-0520dae2ec40\">Pobierz<\/a><\/div>\n\n\n\n<div class=\"wp-block-file\"><a id=\"wp-block-file--media-a00259b2-280f-4bd6-9cdc-63f69e04e42f\" href=\"http:\/\/zspolczyn.edu.pl\/wp-content\/uploads\/2022\/01\/Kucharz-Sprzedawca.docx\">Kucharz-Sprzedawca<\/a><a href=\"http:\/\/zspolczyn.edu.pl\/wp-content\/uploads\/2022\/01\/Kucharz-Sprzedawca.docx\" class=\"wp-block-file__button wp-element-button\" download aria-describedby=\"wp-block-file--media-a00259b2-280f-4bd6-9cdc-63f69e04e42f\">Pobierz<\/a><\/div>\n\n\n\n<div class=\"wp-block-file\"><a id=\"wp-block-file--media-3ffafd76-b4d9-4c6f-be21-669ba3579886\" href=\"http:\/\/zspolczyn.edu.pl\/wp-content\/uploads\/2022\/01\/Kucharz-Sprzedawca.pdf\">Kucharz-Sprzedawca<\/a><a href=\"http:\/\/zspolczyn.edu.pl\/wp-content\/uploads\/2022\/01\/Kucharz-Sprzedawca.pdf\" class=\"wp-block-file__button wp-element-button\" download aria-describedby=\"wp-block-file--media-3ffafd76-b4d9-4c6f-be21-669ba3579886\">Pobierz<\/a><\/div>\n\n\n\n<div class=\"wp-block-file\"><a id=\"wp-block-file--media-a53458f3-5cf0-424b-9501-2181bf2fe917\" href=\"http:\/\/zspolczyn.edu.pl\/wp-content\/uploads\/2022\/01\/Elektryk.pdf\">Elektryk<\/a><a href=\"http:\/\/zspolczyn.edu.pl\/wp-content\/uploads\/2022\/01\/Elektryk.pdf\" class=\"wp-block-file__button wp-element-button\" download aria-describedby=\"wp-block-file--media-a53458f3-5cf0-424b-9501-2181bf2fe917\">Pobierz<\/a><\/div>\n\n\n\n<div class=\"wp-block-file\"><a id=\"wp-block-file--media-e424c6b9-4f06-4737-b6dc-20bed875d277\" href=\"http:\/\/zspolczyn.edu.pl\/wp-content\/uploads\/2022\/01\/Elektryk.docx\">Elektryk<\/a><a href=\"http:\/\/zspolczyn.edu.pl\/wp-content\/uploads\/2022\/01\/Elektryk.docx\" class=\"wp-block-file__button wp-element-button\" download aria-describedby=\"wp-block-file--media-e424c6b9-4f06-4737-b6dc-20bed875d277\">Pobierz<\/a><\/div>\n\n\n\n<p class=\"has-text-color\" style=\"color:#d40630\">W przerwach \u015bwi\u0105tecznych oraz w czasie ferii zimowych \u2013 w dni robocze, je\u017celi m\u0142odociany nie uzyska od pracodawcy urlopu, powinien odbywa\u0107 zaj\u0119cia praktyczne w zak\u0142adzie pracy. <\/p>\n\n\n\n<div class=\"wp-block-file\"><a id=\"wp-block-file--media-431e6808-b523-4eb3-b506-c8dbf8c926c7\" href=\"http:\/\/zspolczyn.ovh\/wp-content\/uploads\/2019\/04\/Umowa-o-prace-w-celu-przygotowania-zawodowego-1.pdf\">Umowa o prac\u0119 w celu przygotowania zawodowego<\/a><a href=\"http:\/\/zspolczyn.ovh\/wp-content\/uploads\/2019\/04\/Umowa-o-prace-w-celu-przygotowania-zawodowego-1.pdf\" class=\"wp-block-file__button wp-element-button\" download aria-describedby=\"wp-block-file--media-431e6808-b523-4eb3-b506-c8dbf8c926c7\">Pobierz<\/a><\/div>\n\n\n\n<div class=\"wp-block-file\"><a id=\"wp-block-file--media-a238c052-055b-4dd8-8453-938444be9f19\" href=\"http:\/\/zspolczyn.ovh\/wp-content\/uploads\/2019\/04\/kodeks-pracy-2014.pdf\">Kodeks pracy &#8211; dzia\u0142 X Zatrudnienie m\u0142odocianych<\/a><a href=\"http:\/\/zspolczyn.ovh\/wp-content\/uploads\/2019\/04\/kodeks-pracy-2014.pdf\" class=\"wp-block-file__button wp-element-button\" download aria-describedby=\"wp-block-file--media-a238c052-055b-4dd8-8453-938444be9f19\">Pobierz<\/a><\/div>\n\n\n\n<p><\/p>\n","protected":false},"excerpt":{"rendered":"","protected":false},"author":1,"featured_media":0,"parent":156,"menu_order":1,"comment_status":"closed","ping_status":"closed","template":"","meta":{"footnotes":""},"class_list":["post-428","page","type-page","status-publish","hentry"],"_links":{"self":[{"href":"https:\/\/zspolczyn.edu.pl\/index.php?rest_route=\/wp\/v2\/pages\/428","targetHints":{"allow":["GET"]}}],"collection":[{"href":"https:\/\/zspolczyn.edu.pl\/index.php?rest_route=\/wp\/v2\/pages"}],"about":[{"href":"https:\/\/zspolczyn.edu.pl\/index.php?rest_route=\/wp\/v2\/types\/page"}],"author":[{"embeddable":true,"href":"https:\/\/zspolczyn.edu.pl\/index.php?rest_route=\/wp\/v2\/users\/1"}],"replies":[{"embeddable":true,"href":"https:\/\/zspolczyn.edu.pl\/index.php?rest_route=%2Fwp%2Fv2%2Fcomments&post=428"}],"version-history":[{"count":17,"href":"https:\/\/zspolczyn.edu.pl\/index.php?rest_route=\/wp\/v2\/pages\/428\/revisions"}],"predecessor-version":[{"id":9671,"href":"https:\/\/zspolczyn.edu.pl\/index.php?rest_route=\/wp\/v2\/pages\/428\/revisions\/9671"}],"up":[{"embeddable":true,"href":"https:\/\/zspolczyn.edu.pl\/index.php?rest_route=\/wp\/v2\/pages\/156"}],"wp:attachment":[{"href":"https:\/\/zspolczyn.edu.pl\/index.php?rest_route=%2Fwp%2Fv2%2Fmedia&parent=428"}],"curies":[{"name":"wp","href":"https:\/\/api.w.org\/{rel}","templated":true}]}}