{"id":9409,"date":"2025-11-27T11:20:57","date_gmt":"2025-11-27T10:20:57","guid":{"rendered":"https:\/\/zspolczyn.edu.pl\/?page_id=9409"},"modified":"2026-02-16T13:11:48","modified_gmt":"2026-02-16T12:11:48","slug":"80-lecie-lo","status":"publish","type":"page","link":"https:\/\/zspolczyn.edu.pl\/?page_id=9409","title":{"rendered":"80-lecie LO"},"content":{"rendered":"\n<figure class=\"wp-block-image size-large\"><img fetchpriority=\"high\" decoding=\"async\" width=\"1024\" height=\"1024\" src=\"http:\/\/zspolczyn.edu.pl\/wp-content\/uploads\/2026\/02\/logo-80-lecia-1024x1024.jpg\" alt=\"\" class=\"wp-image-9758\" srcset=\"https:\/\/zspolczyn.edu.pl\/wp-content\/uploads\/2026\/02\/logo-80-lecia-1024x1024.jpg 1024w, https:\/\/zspolczyn.edu.pl\/wp-content\/uploads\/2026\/02\/logo-80-lecia-300x300.jpg 300w, https:\/\/zspolczyn.edu.pl\/wp-content\/uploads\/2026\/02\/logo-80-lecia-150x150.jpg 150w, https:\/\/zspolczyn.edu.pl\/wp-content\/uploads\/2026\/02\/logo-80-lecia-768x768.jpg 768w, https:\/\/zspolczyn.edu.pl\/wp-content\/uploads\/2026\/02\/logo-80-lecia-1536x1536.jpg 1536w, https:\/\/zspolczyn.edu.pl\/wp-content\/uploads\/2026\/02\/logo-80-lecia-350x350.jpg 350w, https:\/\/zspolczyn.edu.pl\/wp-content\/uploads\/2026\/02\/logo-80-lecia.jpg 1563w\" sizes=\"(max-width: 1024px) 100vw, 1024px\" \/><\/figure>\n\n\n\n<p>Szanowni Pa\u0144stwo, Absolwenci, Przyjaciele Szko\u0142y,<\/p>\n\n\n\n<p>w dniach 25-26 wrze\u015bnia 2026 roku b\u0119dziemy \u015bwi\u0119towa\u0107 80 lat Liceum Og\u00f3lnokszta\u0142c\u0105cego im. Stanis\u0142awa Staszica w Po\u0142czynie-Zdroju \u2013 wyj\u0105tkowy jubileusz.<\/p>\n\n\n\n<p>Pragniemy, aby to radosne wydarzenie w pe\u0142ni oddawa\u0142o atmosfer\u0119 naszego &#8222;Stacha&#8221; dawniej i dzisiaj oraz ducha wszystkich pokole\u0144, kt\u00f3re przez lata t\u0119 atmosfer\u0119 tworzy\u0142y.<\/p>\n\n\n\n<p>Zwracamy si\u0119 do os\u00f3b, kt\u00f3re maj\u0105 ochot\u0119 w\u0142\u0105czy\u0107 si\u0119 w przygotowanie uroczysto\u015bci i podzieli\u0107 si\u0119 pomys\u0142ami na program jubileuszu, bo przecie\u017c razem stanowimy szkoln\u0105 spo\u0142eczno\u015b\u0107 i ka\u017cdy g\u0142os jest tak samo wa\u017cny. Je\u017celi maj\u0105 Pa\u0144stwo swoje propozycje &#8211; napiszcie do nas!<\/p>\n\n\n\n<p>Ka\u017cda inicjatywa i sugestia b\u0119dzie dla nas cenna.<\/p>\n\n\n\n<p>kontakt: sekretariat@zspolczyn.edu.pl<\/p>\n\n\n\n<p>kontakt: Facebook- messenger <a href=\"https:\/\/www.facebook.com\/zsppolczyn\/\">https:\/\/www.facebook.com\/zsppolczyn\/<\/a><\/p>\n\n\n<div class=\"wp-block-image\">\n<figure class=\"aligncenter size-full\"><img decoding=\"async\" width=\"776\" height=\"550\" data-src=\"http:\/\/zspolczyn.edu.pl\/wp-content\/uploads\/2026\/02\/624091357_1395305685725181_1343642925344517519_n.jpg\" alt=\"\" class=\"wp-image-9759 lazyload\" data-srcset=\"https:\/\/zspolczyn.edu.pl\/wp-content\/uploads\/2026\/02\/624091357_1395305685725181_1343642925344517519_n.jpg 776w, https:\/\/zspolczyn.edu.pl\/wp-content\/uploads\/2026\/02\/624091357_1395305685725181_1343642925344517519_n-300x213.jpg 300w, https:\/\/zspolczyn.edu.pl\/wp-content\/uploads\/2026\/02\/624091357_1395305685725181_1343642925344517519_n-768x544.jpg 768w, https:\/\/zspolczyn.edu.pl\/wp-content\/uploads\/2026\/02\/624091357_1395305685725181_1343642925344517519_n-494x350.jpg 494w\" data-sizes=\"(max-width: 776px) 100vw, 776px\" src=\"data:image\/svg+xml;base64,PHN2ZyB3aWR0aD0iMSIgaGVpZ2h0PSIxIiB4bWxucz0iaHR0cDovL3d3dy53My5vcmcvMjAwMC9zdmciPjwvc3ZnPg==\" style=\"--smush-placeholder-width: 776px; --smush-placeholder-aspect-ratio: 776\/550;\" \/><\/figure>\n<\/div>","protected":false},"excerpt":{"rendered":"","protected":false},"author":5,"featured_media":0,"parent":0,"menu_order":1,"comment_status":"closed","ping_status":"closed","template":"","meta":{"footnotes":""},"class_list":["post-9409","page","type-page","status-publish","hentry"],"_links":{"self":[{"href":"https:\/\/zspolczyn.edu.pl\/index.php?rest_route=\/wp\/v2\/pages\/9409","targetHints":{"allow":["GET"]}}],"collection":[{"href":"https:\/\/zspolczyn.edu.pl\/index.php?rest_route=\/wp\/v2\/pages"}],"about":[{"href":"https:\/\/zspolczyn.edu.pl\/index.php?rest_route=\/wp\/v2\/types\/page"}],"author":[{"embeddable":true,"href":"https:\/\/zspolczyn.edu.pl\/index.php?rest_route=\/wp\/v2\/users\/5"}],"replies":[{"embeddable":true,"href":"https:\/\/zspolczyn.edu.pl\/index.php?rest_route=%2Fwp%2Fv2%2Fcomments&post=9409"}],"version-history":[{"count":2,"href":"https:\/\/zspolczyn.edu.pl\/index.php?rest_route=\/wp\/v2\/pages\/9409\/revisions"}],"predecessor-version":[{"id":9760,"href":"https:\/\/zspolczyn.edu.pl\/index.php?rest_route=\/wp\/v2\/pages\/9409\/revisions\/9760"}],"wp:attachment":[{"href":"https:\/\/zspolczyn.edu.pl\/index.php?rest_route=%2Fwp%2Fv2%2Fmedia&parent=9409"}],"curies":[{"name":"wp","href":"https:\/\/api.w.org\/{rel}","templated":true}]}}

<figure class="wp-block-image size-large"><img fetchpriority="high" decoding="async" width="1024" height="1024" src="http://zspolczyn.edu.pl/wp-content/uploads/2026/02/logo-80-lecia-1024x1024.jpg" alt="" class="wp-image-9758" srcset="https://zspolczyn.edu.pl/wp-content/uploads/2026/02/logo-80-lecia-1024x1024.jpg 1024w, https://zspolczyn.edu.pl/wp-content/uploads/2026/02/logo-80-lecia-300x300.jpg 300w, https://zspolczyn.edu.pl/wp-content/uploads/2026/02/logo-80-lecia-150x150.jpg 150w, https://zspolczyn.edu.pl/wp-content/uploads/2026/02/logo-80-lecia-768x768.jpg 768w, https://zspolczyn.edu.pl/wp-content/uploads/2026/02/logo-80-lecia-1536x1536.jpg 1536w, https://zspolczyn.edu.pl/wp-content/uploads/2026/02/logo-80-lecia-350x350.jpg 350w, https://zspolczyn.edu.pl/wp-content/uploads/2026/02/logo-80-lecia.jpg 1563w" sizes="(max-width: 1024px) 100vw, 1024px" /></figure>



<p>Szanowni Państwo, Absolwenci, Przyjaciele Szkoły,</p>



<p>w dniach 25-26 września 2026 roku będziemy świętować 80 lat Liceum Ogólnokształcącego im. Stanisława Staszica w Połczynie-Zdroju – wyjątkowy jubileusz.</p>



<p>Pragniemy, aby to radosne wydarzenie w pełni oddawało atmosferę naszego &#8222;Stacha&#8221; dawniej i dzisiaj oraz ducha wszystkich pokoleń, które przez lata tę atmosferę tworzyły.</p>



<p>Zwracamy się do osób, które mają ochotę włączyć się w przygotowanie uroczystości i podzielić się pomysłami na program jubileuszu, bo przecież razem stanowimy szkolną społeczność i każdy głos jest tak samo ważny. Jeżeli mają Państwo swoje propozycje &#8211; napiszcie do nas!</p>



<p>Każda inicjatywa i sugestia będzie dla nas cenna.</p>



<p>kontakt: sekretariat@zspolczyn.edu.pl</p>



<p>kontakt: Facebook- messenger <a href="https://www.facebook.com/zsppolczyn/">https://www.facebook.com/zsppolczyn/</a></p>


<div class="wp-block-image">
<figure class="aligncenter size-full"><img decoding="async" width="776" height="550" data-src="http://zspolczyn.edu.pl/wp-content/uploads/2026/02/624091357_1395305685725181_1343642925344517519_n.jpg" alt="" class="wp-image-9759 lazyload" data-srcset="https://zspolczyn.edu.pl/wp-content/uploads/2026/02/624091357_1395305685725181_1343642925344517519_n.jpg 776w, https://zspolczyn.edu.pl/wp-content/uploads/2026/02/624091357_1395305685725181_1343642925344517519_n-300x213.jpg 300w, https://zspolczyn.edu.pl/wp-content/uploads/2026/02/624091357_1395305685725181_1343642925344517519_n-768x544.jpg 768w, https://zspolczyn.edu.pl/wp-content/uploads/2026/02/624091357_1395305685725181_1343642925344517519_n-494x350.jpg 494w" data-sizes="(max-width: 776px) 100vw, 776px" src="data:image/svg+xml;base64,PHN2ZyB3aWR0aD0iMSIgaGVpZ2h0PSIxIiB4bWxucz0iaHR0cDovL3d3dy53My5vcmcvMjAwMC9zdmciPjwvc3ZnPg==" style="--smush-placeholder-width: 776px; --smush-placeholder-aspect-ratio: 776/550;" /></figure>
</div>
