{"id":9412,"date":"2025-11-27T11:27:45","date_gmt":"2025-11-27T10:27:45","guid":{"rendered":"https:\/\/zspolczyn.edu.pl\/?page_id=9412"},"modified":"2026-02-17T21:29:32","modified_gmt":"2026-02-17T20:29:32","slug":"pazdziernik-2025","status":"publish","type":"page","link":"https:\/\/zspolczyn.edu.pl\/?page_id=9412","title":{"rendered":"Wrzesie\u0144\/pa\u017adziernik 2025"},"content":{"rendered":"\n<figure class=\"wp-block-image size-full\"><img fetchpriority=\"high\" decoding=\"async\" width=\"781\" height=\"527\" src=\"http:\/\/zspolczyn.edu.pl\/wp-content\/uploads\/2025\/10\/Zrzut-ekranu-2025-10-21-131922.jpg\" alt=\"\" class=\"wp-image-9323\" srcset=\"https:\/\/zspolczyn.edu.pl\/wp-content\/uploads\/2025\/10\/Zrzut-ekranu-2025-10-21-131922.jpg 781w, https:\/\/zspolczyn.edu.pl\/wp-content\/uploads\/2025\/10\/Zrzut-ekranu-2025-10-21-131922-300x202.jpg 300w, https:\/\/zspolczyn.edu.pl\/wp-content\/uploads\/2025\/10\/Zrzut-ekranu-2025-10-21-131922-768x518.jpg 768w, https:\/\/zspolczyn.edu.pl\/wp-content\/uploads\/2025\/10\/Zrzut-ekranu-2025-10-21-131922-519x350.jpg 519w\" sizes=\"(max-width: 781px) 100vw, 781px\" \/><\/figure>\n\n\n\n<p>Ogromna rado\u015b\u0107!!!<\/p>\n\n\n\n<p>Z wielkim wzruszeniem i dum\u0105 informujemy, \u017ce Liceum Og\u00f3lnokszta\u0142c\u0105ce im. Stanis\u0142awa Staszica w Po\u0142czynie-Zdroju po ponad 40 latach ponownie do\u0142\u0105czy\u0142o do Sieci Szk\u00f3\u0142 Stowarzyszonych UNESCO!<\/p>\n\n\n\n<p>Reprezentujemy wojew\u00f3dztwo zachodniopomorskie, jako jedna z dw\u00f3ch szk\u00f3\u0142, wraz z I Liceum Og\u00f3lnokszta\u0142c\u0105cym im. Stanis\u0142awa Dubois w Koszalinie.<\/p>\n\n\n\n<p>Jest to niezwykle wa\u017cne wyr\u00f3\u017cnienie, przypadaj\u0105ce niemal na jubileusz 80-lecia po\u0142czy\u0144skiego \u201eStaszica\u201d. Zobowi\u0105zujemy si\u0119 dzia\u0142a\u0107 w ASPnet (Associated Schools Project in Education for International Cooperation and Peace) zgodnie z warto\u015bciami i zasadami w obszarach takich jak:<\/p>\n\n\n\n<p>&#8211; globalne obywatelstwo oraz kultura pokoju i niestosowania przemocy<\/p>\n\n\n\n<p>&#8211; zr\u00f3wnowa\u017cony rozw\u00f3j i zr\u00f3wnowa\u017cony styl \u017cycia<\/p>\n\n\n\n<p>&#8211; zrozumienie i szacunek dla r\u00f3\u017cnorodno\u015bci kulturowej i dziedzictwa<\/p>\n\n\n\n<p>Szkolne Koordynatorki ASPnet \u2013 Pani Kinga Dolatowska oraz Pani Justyna G\u00f3rska \u2013 w ramach programu b\u0119d\u0105 realizowa\u0107 globalne lub regionalne projekty edukacyjne, obchodzi\u0107 \u015bwiatowe\/mi\u0119dzynarodowe dni ustanowione przez ONZ oraz wsp\u00f3\u0142pracowa\u0107 ze Szko\u0142ami Stowarzyszonymi UNESCO.<\/p>\n\n\n\n<p>Pierwsze projekty ju\u017c za nami!<\/p>\n\n\n\n<p><a href=\"https:\/\/www.facebook.com\/hashtag\/aspnet?__eep__=6&amp;__cft__[0]=AZbBxFz1pwDx6lko7YbFYey6ywOhqO4tOi1gJ7IAHY5_A6BgBZNjpUWkFCCCr2G4YsMNH4nc1iel9k78-8BU3OEq7WEHiLwlgNSsBQw87IaW27MAyFhsrug6nFvCrIL0251BseISomcGVkv_61bpsulCe8ZQulzF0ttI2iTMJB-ozQ&amp;__tn__=*NK-R-R\">#ASPnet<\/a><\/p>\n\n\n\n<p><a href=\"https:\/\/www.facebook.com\/hashtag\/unesco?__eep__=6&amp;__cft__[0]=AZbBxFz1pwDx6lko7YbFYey6ywOhqO4tOi1gJ7IAHY5_A6BgBZNjpUWkFCCCr2G4YsMNH4nc1iel9k78-8BU3OEq7WEHiLwlgNSsBQw87IaW27MAyFhsrug6nFvCrIL0251BseISomcGVkv_61bpsulCe8ZQulzF0ttI2iTMJB-ozQ&amp;__tn__=*NK-R-R\">#UNESCO<\/a><\/p>\n\n\n\n<p><\/p>\n\n\n\n<p><\/p>\n","protected":false},"excerpt":{"rendered":"","protected":false},"author":5,"featured_media":9322,"parent":9409,"menu_order":13,"comment_status":"closed","ping_status":"closed","template":"","meta":{"footnotes":""},"class_list":["post-9412","page","type-page","status-publish","has-post-thumbnail","hentry"],"_links":{"self":[{"href":"https:\/\/zspolczyn.edu.pl\/index.php?rest_route=\/wp\/v2\/pages\/9412","targetHints":{"allow":["GET"]}}],"collection":[{"href":"https:\/\/zspolczyn.edu.pl\/index.php?rest_route=\/wp\/v2\/pages"}],"about":[{"href":"https:\/\/zspolczyn.edu.pl\/index.php?rest_route=\/wp\/v2\/types\/page"}],"author":[{"embeddable":true,"href":"https:\/\/zspolczyn.edu.pl\/index.php?rest_route=\/wp\/v2\/users\/5"}],"replies":[{"embeddable":true,"href":"https:\/\/zspolczyn.edu.pl\/index.php?rest_route=%2Fwp%2Fv2%2Fcomments&post=9412"}],"version-history":[{"count":2,"href":"https:\/\/zspolczyn.edu.pl\/index.php?rest_route=\/wp\/v2\/pages\/9412\/revisions"}],"predecessor-version":[{"id":9535,"href":"https:\/\/zspolczyn.edu.pl\/index.php?rest_route=\/wp\/v2\/pages\/9412\/revisions\/9535"}],"up":[{"embeddable":true,"href":"https:\/\/zspolczyn.edu.pl\/index.php?rest_route=\/wp\/v2\/pages\/9409"}],"wp:featuredmedia":[{"embeddable":true,"href":"https:\/\/zspolczyn.edu.pl\/index.php?rest_route=\/wp\/v2\/media\/9322"}],"wp:attachment":[{"href":"https:\/\/zspolczyn.edu.pl\/index.php?rest_route=%2Fwp%2Fv2%2Fmedia&parent=9412"}],"curies":[{"name":"wp","href":"https:\/\/api.w.org\/{rel}","templated":true}]}}

Wrzesień/październik 2025

<figure class="wp-block-image size-full"><img fetchpriority="high" decoding="async" width="781" height="527" src="http://zspolczyn.edu.pl/wp-content/uploads/2025/10/Zrzut-ekranu-2025-10-21-131922.jpg" alt="" class="wp-image-9323" srcset="https://zspolczyn.edu.pl/wp-content/uploads/2025/10/Zrzut-ekranu-2025-10-21-131922.jpg 781w, https://zspolczyn.edu.pl/wp-content/uploads/2025/10/Zrzut-ekranu-2025-10-21-131922-300x202.jpg 300w, https://zspolczyn.edu.pl/wp-content/uploads/2025/10/Zrzut-ekranu-2025-10-21-131922-768x518.jpg 768w, https://zspolczyn.edu.pl/wp-content/uploads/2025/10/Zrzut-ekranu-2025-10-21-131922-519x350.jpg 519w" sizes="(max-width: 781px) 100vw, 781px" /></figure>



<p>Ogromna radość!!!</p>



<p>Z wielkim wzruszeniem i dumą informujemy, że Liceum Ogólnokształcące im. Stanisława Staszica w Połczynie-Zdroju po ponad 40 latach ponownie dołączyło do Sieci Szkół Stowarzyszonych UNESCO!</p>



<p>Reprezentujemy województwo zachodniopomorskie, jako jedna z dwóch szkół, wraz z I Liceum Ogólnokształcącym im. Stanisława Dubois w Koszalinie.</p>



<p>Jest to niezwykle ważne wyróżnienie, przypadające niemal na jubileusz 80-lecia połczyńskiego „Staszica”. Zobowiązujemy się działać w ASPnet (Associated Schools Project in Education for International Cooperation and Peace) zgodnie z wartościami i zasadami w obszarach takich jak:</p>



<p>&#8211; globalne obywatelstwo oraz kultura pokoju i niestosowania przemocy</p>



<p>&#8211; zrównoważony rozwój i zrównoważony styl życia</p>



<p>&#8211; zrozumienie i szacunek dla różnorodności kulturowej i dziedzictwa</p>



<p>Szkolne Koordynatorki ASPnet – Pani Kinga Dolatowska oraz Pani Justyna Górska – w ramach programu będą realizować globalne lub regionalne projekty edukacyjne, obchodzić światowe/międzynarodowe dni ustanowione przez ONZ oraz współpracować ze Szkołami Stowarzyszonymi UNESCO.</p>



<p>Pierwsze projekty już za nami!</p>



<p><a href="https://www.facebook.com/hashtag/aspnet?__eep__=6&amp;__cft__[0]=AZbBxFz1pwDx6lko7YbFYey6ywOhqO4tOi1gJ7IAHY5_A6BgBZNjpUWkFCCCr2G4YsMNH4nc1iel9k78-8BU3OEq7WEHiLwlgNSsBQw87IaW27MAyFhsrug6nFvCrIL0251BseISomcGVkv_61bpsulCe8ZQulzF0ttI2iTMJB-ozQ&amp;__tn__=*NK-R-R">#ASPnet</a></p>



<p><a href="https://www.facebook.com/hashtag/unesco?__eep__=6&amp;__cft__[0]=AZbBxFz1pwDx6lko7YbFYey6ywOhqO4tOi1gJ7IAHY5_A6BgBZNjpUWkFCCCr2G4YsMNH4nc1iel9k78-8BU3OEq7WEHiLwlgNSsBQw87IaW27MAyFhsrug6nFvCrIL0251BseISomcGVkv_61bpsulCe8ZQulzF0ttI2iTMJB-ozQ&amp;__tn__=*NK-R-R">#UNESCO</a></p>



<p></p>



<p></p>
